{"id":72,"date":"2019-10-20T16:06:18","date_gmt":"2019-10-20T16:06:18","guid":{"rendered":"https:\/\/fcvbz.ch\/fc\/?page_id=72"},"modified":"2024-07-15T10:56:00","modified_gmt":"2024-07-15T08:56:00","slug":"edzes","status":"publish","type":"page","link":"https:\/\/fcvbz.ch\/fc\/?page_id=72&lang=hu","title":{"rendered":"Edz\u00e9s"},"content":{"rendered":"\r\n<p>Az FC VBZ edz\u00e9sek mindig szerd\u00e1n vannak 20:00-t\u00f3l (t\u00e9len) vagy 20:30-t\u00f3l (ny\u00e1ron). Edz\u00e9s ut\u00e1n n\u00e9ha megiszunk n\u00e9h\u00e1ny s\u00f6rt is.<\/p>\r\n\r\n\r\n\r\n<ul class=\"wp-block-list\">\r\n<li><strong>Hol:<\/strong>\u00a0<a href=\"https:\/\/www.opfikon.ch\/sport\/25388\" target=\"_blank\" rel=\"noreferrer noopener\" aria-label=\" (opens in a new tab)\">Sportanlage Au<\/a> (Austrasse 2, 8152 Opfikon \u2013 <a href=\"https:\/\/maps.app.goo.gl\/fbKtBwFNMyRSD44LA\" target=\"_blank\" rel=\"noreferrer noopener\" aria-label=\" (opens in a new tab)\">t\u00e9rk\u00e9p<\/a>)<\/li>\r\n<li><strong>Mikor:<\/strong>\u00a0szerda, 20:30 \u2013 22:00<\/li>\r\n<\/ul>\r\n\r\n\r\n\r\n<p>A t\u00e9l kicsit m\u00e1s, akkor nem edz\u00fcnk, hanem belt\u00e9ren j\u00e1tszunk.<\/p>\r\n\r\n\r\n\r\n<ul class=\"wp-block-list\">\r\n<li><strong>Hol:<\/strong>\u00a0<a href=\"https:\/\/www.stadt-zuerich.ch\/schulen\/de\/allenmoos.html\" target=\"_blank\" rel=\"noreferrer noopener\" aria-label=\" (opens in a new tab)\">Schule Allenmoos<\/a>, sportcsarnok (Sch\u00fcrbungert 25, 8057 Z\u00fcrich \u2013\u00a0<a href=\"https:\/\/www.google.com\/maps\/place\/Sch%C3%BCrbungert+25,+8057+Z%C3%BCrich\/@47.4021042,8.5370404,467m\/data=!3m2!1e3!4b1!4m5!3m4!1s0x47900a7cb3c96a0d:0x8551c86dbddbfb85!8m2!3d47.4021042!4d8.5392291\" target=\"_blank\" rel=\"noreferrer noopener\" aria-label=\" (opens in a new tab)\">t\u00e9rk\u00e9p<\/a>)<\/li>\r\n<li><strong>Mikor:<\/strong>\u00a0szerda, 20:00 \u2013 21:30<\/li>\r\n<\/ul>\r\n","protected":false},"excerpt":{"rendered":"<p>Az FC VBZ edz\u00e9sek mindig szerd\u00e1n vannak 20:00-t\u00f3l (t\u00e9len) vagy 20:30-t\u00f3l (ny\u00e1ron). Edz\u00e9s ut\u00e1n n\u00e9ha megiszunk n\u00e9h\u00e1ny s\u00f6rt is. Hol:\u00a0Sportanlage Au (Austrasse 2, 8152 Opfikon \u2013 t\u00e9rk\u00e9p) Mikor:\u00a0szerda, 20:30 \u2013 22:00 A t\u00e9l kicsit m\u00e1s, akkor nem edz\u00fcnk, hanem belt\u00e9ren j\u00e1tszunk. Hol:\u00a0Schule Allenmoos, sportcsarnok (Sch\u00fcrbungert 25, 8057 Z\u00fcrich \u2013\u00a0t\u00e9rk\u00e9p) Mikor:\u00a0szerda, 20:00 \u2013 21:30<\/p>\n","protected":false},"author":1,"featured_media":0,"parent":0,"menu_order":0,"comment_status":"closed","ping_status":"closed","template":"","meta":{"footnotes":""},"class_list":["post-72","page","type-page","status-publish","hentry"],"_links":{"self":[{"href":"https:\/\/fcvbz.ch\/fc\/index.php?rest_route=\/wp\/v2\/pages\/72","targetHints":{"allow":["GET"]}}],"collection":[{"href":"https:\/\/fcvbz.ch\/fc\/index.php?rest_route=\/wp\/v2\/pages"}],"about":[{"href":"https:\/\/fcvbz.ch\/fc\/index.php?rest_route=\/wp\/v2\/types\/page"}],"author":[{"embeddable":true,"href":"https:\/\/fcvbz.ch\/fc\/index.php?rest_route=\/wp\/v2\/users\/1"}],"replies":[{"embeddable":true,"href":"https:\/\/fcvbz.ch\/fc\/index.php?rest_route=%2Fwp%2Fv2%2Fcomments&post=72"}],"version-history":[{"count":8,"href":"https:\/\/fcvbz.ch\/fc\/index.php?rest_route=\/wp\/v2\/pages\/72\/revisions"}],"predecessor-version":[{"id":1282,"href":"https:\/\/fcvbz.ch\/fc\/index.php?rest_route=\/wp\/v2\/pages\/72\/revisions\/1282"}],"wp:attachment":[{"href":"https:\/\/fcvbz.ch\/fc\/index.php?rest_route=%2Fwp%2Fv2%2Fmedia&parent=72"}],"curies":[{"name":"wp","href":"https:\/\/api.w.org\/{rel}","templated":true}]}}

Edzés

<p>Az FC VBZ edzések mindig szerdán vannak 20:00-tól (télen) vagy 20:30-tól (nyáron). Edzés után néha megiszunk néhány sört is.</p>



<ul class="wp-block-list">
<li><strong>Hol:</strong> <a href="https://www.opfikon.ch/sport/25388" target="_blank" rel="noreferrer noopener" aria-label=" (opens in a new tab)">Sportanlage Au</a> (Austrasse 2, 8152 Opfikon – <a href="https://maps.app.goo.gl/fbKtBwFNMyRSD44LA" target="_blank" rel="noreferrer noopener" aria-label=" (opens in a new tab)">térkép</a>)</li>
<li><strong>Mikor:</strong> szerda, 20:30 – 22:00</li>
</ul>



<p>A tél kicsit más, akkor nem edzünk, hanem beltéren játszunk.</p>



<ul class="wp-block-list">
<li><strong>Hol:</strong> <a href="https://www.stadt-zuerich.ch/schulen/de/allenmoos.html" target="_blank" rel="noreferrer noopener" aria-label=" (opens in a new tab)">Schule Allenmoos</a>, sportcsarnok (Schürbungert 25, 8057 Zürich – <a href="https://www.google.com/maps/place/Sch%C3%BCrbungert+25,+8057+Z%C3%BCrich/@47.4021042,8.5370404,467m/data=!3m2!1e3!4b1!4m5!3m4!1s0x47900a7cb3c96a0d:0x8551c86dbddbfb85!8m2!3d47.4021042!4d8.5392291" target="_blank" rel="noreferrer noopener" aria-label=" (opens in a new tab)">térkép</a>)</li>
<li><strong>Mikor:</strong> szerda, 20:00 – 21:30</li>
</ul>

<p>Az FC VBZ edzések mindig szerdán vannak 20:00-tól (télen) vagy 20:30-tól (nyáron). Edzés után néha megiszunk néhány sört is. Hol: Sportanlage Au (Austrasse 2, 8152 Opfikon – térkép) Mikor: szerda, 20:30 – 22:00 A tél kicsit más, akkor nem edzünk, hanem beltéren játszunk. Hol: Schule Allenmoos, sportcsarnok (Schürbungert 25, 8057 Zürich – térkép) Mikor: szerda, 20:00 – 21:30</p>
