{"id":68,"date":"2019-10-20T15:48:30","date_gmt":"2019-10-20T15:48:30","guid":{"rendered":"https:\/\/fcvbz.ch\/fc\/?page_id=68"},"modified":"2024-01-26T09:45:27","modified_gmt":"2024-01-26T08:45:27","slug":"csapat","status":"publish","type":"page","link":"https:\/\/fcvbz.ch\/fc\/?page_id=68&lang=hu","title":{"rendered":"Csapat"},"content":{"rendered":"\r\n<p>A 2023\/24-es szezon csapata:<\/p>\r\n\r\n\r\n\r\n<figure class=\"wp-block-table\">\r\n<table>\r\n<tbody>\r\n<tr>\r\n<td><img loading=\"lazy\" decoding=\"async\" class=\"aligncenter size-thumbnail wp-image-1187\" src=\"https:\/\/fcvbz.ch\/fc\/wp-content\/uploads\/2024\/01\/AliuBedri_345658-150x150.jpg\" alt=\"\" width=\"150\" height=\"150\" \/>Bedri Aliu<\/td>\r\n<td><img loading=\"lazy\" decoding=\"async\" class=\"aligncenter size-thumbnail wp-image-1188\" src=\"https:\/\/fcvbz.ch\/fc\/wp-content\/uploads\/2024\/01\/BergmannPeter_915977-150x150.jpg\" alt=\"\" width=\"150\" height=\"150\" \/>Peter Bergmann<\/td>\r\n<td><img loading=\"lazy\" decoding=\"async\" class=\"aligncenter size-thumbnail wp-image-1189\" src=\"https:\/\/fcvbz.ch\/fc\/wp-content\/uploads\/2024\/01\/CsepkoAttila_1289096-150x150.jpg\" alt=\"\" width=\"150\" height=\"150\" \/>\ud83c\udded\ud83c\uddfa Csepk\u00f3 Attila<\/td>\r\n<td><img loading=\"lazy\" decoding=\"async\" class=\"aligncenter size-thumbnail wp-image-1190\" src=\"https:\/\/fcvbz.ch\/fc\/wp-content\/uploads\/2024\/01\/GavranMarin_1145460-150x150.jpg\" alt=\"\" width=\"150\" height=\"150\" \/>Marin Gavran<\/td>\r\n<td><img loading=\"lazy\" decoding=\"async\" class=\"aligncenter size-thumbnail wp-image-1191\" src=\"https:\/\/fcvbz.ch\/fc\/wp-content\/uploads\/2024\/01\/HodzaErnez_1390198-150x150.jpg\" alt=\"\" width=\"150\" height=\"150\" \/>Ernez Hodza<\/td>\r\n<\/tr>\r\n<tr>\r\n<td><img loading=\"lazy\" decoding=\"async\" class=\"aligncenter size-thumbnail wp-image-1192\" src=\"https:\/\/fcvbz.ch\/fc\/wp-content\/uploads\/2024\/01\/JaberTobias_1035200-150x150.jpg\" alt=\"\" width=\"150\" height=\"150\" \/>Tobias Jaber<\/td>\r\n<td><img loading=\"lazy\" decoding=\"async\" class=\"aligncenter size-thumbnail wp-image-1193\" src=\"https:\/\/fcvbz.ch\/fc\/wp-content\/uploads\/2024\/01\/LooserEugen_245894-150x150.jpg\" alt=\"\" width=\"150\" height=\"150\" \/>Eugen Looser<\/td>\r\n<td><img loading=\"lazy\" decoding=\"async\" class=\"aligncenter size-thumbnail wp-image-1194\" src=\"https:\/\/fcvbz.ch\/fc\/wp-content\/uploads\/2024\/01\/MalokuLabinot_1188658-150x150.jpg\" alt=\"\" width=\"150\" height=\"150\" \/>Labinot Maloku<\/td>\r\n<td><img loading=\"lazy\" decoding=\"async\" class=\"aligncenter size-thumbnail wp-image-1195\" src=\"https:\/\/fcvbz.ch\/fc\/wp-content\/uploads\/2024\/01\/MarkertLaszlo-Andras_1196391-150x150.jpg\" alt=\"\" width=\"150\" height=\"150\" \/>\ud83c\udded\ud83c\uddfa Markert L\u00e1szl\u00f3<\/td>\r\n<td><img loading=\"lazy\" decoding=\"async\" class=\"aligncenter size-thumbnail wp-image-1196\" src=\"https:\/\/fcvbz.ch\/fc\/wp-content\/uploads\/2024\/01\/Mendes-SchneiderAugusto_1399815-150x150.jpg\" alt=\"\" width=\"150\" height=\"150\" \/>Augusto Mendes<\/td>\r\n<\/tr>\r\n<tr>\r\n<td><img loading=\"lazy\" decoding=\"async\" class=\"aligncenter size-thumbnail wp-image-1197\" src=\"https:\/\/fcvbz.ch\/fc\/wp-content\/uploads\/2024\/01\/MeyyappanKiran_5187-150x150.jpg\" alt=\"\" width=\"150\" height=\"150\" \/>Kiran Meyyappan<\/td>\r\n<td><img loading=\"lazy\" decoding=\"async\" class=\"aligncenter size-thumbnail wp-image-1198\" src=\"https:\/\/fcvbz.ch\/fc\/wp-content\/uploads\/2024\/01\/NagyivanJanos_1292945-150x150.jpg\" alt=\"\" width=\"150\" height=\"150\" \/>\ud83c\udded\ud83c\uddfa Nagyiv\u00e1n J\u00e1nos<\/td>\r\n<td><img loading=\"lazy\" decoding=\"async\" class=\"aligncenter size-thumbnail wp-image-1199\" src=\"https:\/\/fcvbz.ch\/fc\/wp-content\/uploads\/2024\/01\/PetroloGiuseppe_504184-150x150.jpg\" alt=\"\" width=\"150\" height=\"150\" \/>Guiseppe Petrolo<\/td>\r\n<td><img loading=\"lazy\" decoding=\"async\" class=\"aligncenter size-thumbnail wp-image-1201\" src=\"https:\/\/fcvbz.ch\/fc\/wp-content\/uploads\/2024\/01\/PetrovicGoran_549680-150x150.jpg\" alt=\"\" width=\"150\" height=\"150\" \/>Goran Petrovic<\/td>\r\n<td><img loading=\"lazy\" decoding=\"async\" class=\"aligncenter size-thumbnail wp-image-1200\" src=\"https:\/\/fcvbz.ch\/fc\/wp-content\/uploads\/2024\/01\/RoosMichael_668324-150x150.jpg\" alt=\"\" width=\"150\" height=\"150\" \/>Michael Roos<\/td>\r\n<\/tr>\r\n<tr>\r\n<td><img loading=\"lazy\" decoding=\"async\" class=\"aligncenter size-thumbnail wp-image-1202\" src=\"https:\/\/fcvbz.ch\/fc\/wp-content\/uploads\/2024\/01\/SallenbachMarco_482857-150x150.jpg\" alt=\"\" width=\"150\" height=\"150\" \/>Marco Sallenbach<\/td>\r\n<td><img loading=\"lazy\" decoding=\"async\" class=\"aligncenter size-thumbnail wp-image-1203\" src=\"https:\/\/fcvbz.ch\/fc\/wp-content\/uploads\/2024\/01\/SojebeOlayemi_1275534-150x150.jpg\" alt=\"\" width=\"150\" height=\"150\" \/>Olayemi Sojebe<\/td>\r\n<td><img loading=\"lazy\" decoding=\"async\" class=\"aligncenter size-thumbnail wp-image-1204\" src=\"https:\/\/fcvbz.ch\/fc\/wp-content\/uploads\/2024\/01\/StojanovicNenad_367502-150x150.jpg\" alt=\"\" width=\"150\" height=\"150\" \/>Nenad Stojanovic<\/td>\r\n<td><img loading=\"lazy\" decoding=\"async\" class=\"aligncenter size-thumbnail wp-image-1205\" src=\"https:\/\/fcvbz.ch\/fc\/wp-content\/uploads\/2024\/01\/TothAdam_1239933-150x150.jpg\" alt=\"\" width=\"150\" height=\"150\" \/>\ud83c\udded\ud83c\uddfa T\u00f3th \u00c1d\u00e1m<\/td>\r\n<td><img loading=\"lazy\" decoding=\"async\" class=\"aligncenter size-thumbnail wp-image-1206\" src=\"https:\/\/fcvbz.ch\/fc\/wp-content\/uploads\/2024\/01\/WissmannRudolf_1112260-150x150.jpg\" alt=\"\" width=\"150\" height=\"150\" \/>Rudolf Wissmann<\/td>\r\n<\/tr>\r\n<tr>\r\n<td><img loading=\"lazy\" decoding=\"async\" class=\"aligncenter size-thumbnail wp-image-1207\" src=\"https:\/\/fcvbz.ch\/fc\/wp-content\/uploads\/2024\/01\/ZekjiriErdjan_830365-150x150.jpg\" alt=\"\" width=\"150\" height=\"150\" \/>Erdjan Zekjiri<\/td>\r\n<td><img loading=\"lazy\" decoding=\"async\" class=\"aligncenter size-thumbnail wp-image-1208\" src=\"https:\/\/fcvbz.ch\/fc\/wp-content\/uploads\/2024\/01\/ZenklTomas_1324429-150x150.jpg\" alt=\"\" width=\"150\" height=\"150\" \/>Tomas Zenkl<\/td>\r\n<td><img loading=\"lazy\" decoding=\"async\" class=\"aligncenter size-thumbnail wp-image-1209\" src=\"https:\/\/fcvbz.ch\/fc\/wp-content\/uploads\/2024\/01\/ZumeriXhelal_741547-150x150.jpg\" alt=\"\" width=\"150\" height=\"150\" \/>Xhelal Zumeri<\/td>\r\n<td>\u00a0<\/td>\r\n<td>\u00a0<\/td>\r\n<\/tr>\r\n<\/tbody>\r\n<\/table>\r\n<\/figure>\r\n","protected":false},"excerpt":{"rendered":"<p>A 2023\/24-es szezon csapata: Bedri Aliu Peter Bergmann \ud83c\udded\ud83c\uddfa Csepk\u00f3 Attila Marin Gavran Ernez Hodza Tobias Jaber Eugen Looser Labinot Maloku \ud83c\udded\ud83c\uddfa Markert L\u00e1szl\u00f3 Augusto Mendes Kiran Meyyappan \ud83c\udded\ud83c\uddfa Nagyiv\u00e1n J\u00e1nos Guiseppe Petrolo Goran Petrovic Michael Roos Marco Sallenbach Olayemi Sojebe Nenad Stojanovic \ud83c\udded\ud83c\uddfa T\u00f3th \u00c1d\u00e1m Rudolf Wissmann Erdjan Zekjiri Tomas Zenkl Xhelal Zumeri \u00a0 [&hellip;]<\/p>\n","protected":false},"author":1,"featured_media":0,"parent":0,"menu_order":0,"comment_status":"closed","ping_status":"closed","template":"","meta":{"footnotes":""},"class_list":["post-68","page","type-page","status-publish","hentry"],"_links":{"self":[{"href":"https:\/\/fcvbz.ch\/fc\/index.php?rest_route=\/wp\/v2\/pages\/68","targetHints":{"allow":["GET"]}}],"collection":[{"href":"https:\/\/fcvbz.ch\/fc\/index.php?rest_route=\/wp\/v2\/pages"}],"about":[{"href":"https:\/\/fcvbz.ch\/fc\/index.php?rest_route=\/wp\/v2\/types\/page"}],"author":[{"embeddable":true,"href":"https:\/\/fcvbz.ch\/fc\/index.php?rest_route=\/wp\/v2\/users\/1"}],"replies":[{"embeddable":true,"href":"https:\/\/fcvbz.ch\/fc\/index.php?rest_route=%2Fwp%2Fv2%2Fcomments&post=68"}],"version-history":[{"count":20,"href":"https:\/\/fcvbz.ch\/fc\/index.php?rest_route=\/wp\/v2\/pages\/68\/revisions"}],"predecessor-version":[{"id":1213,"href":"https:\/\/fcvbz.ch\/fc\/index.php?rest_route=\/wp\/v2\/pages\/68\/revisions\/1213"}],"wp:attachment":[{"href":"https:\/\/fcvbz.ch\/fc\/index.php?rest_route=%2Fwp%2Fv2%2Fmedia&parent=68"}],"curies":[{"name":"wp","href":"https:\/\/api.w.org\/{rel}","templated":true}]}}

<p>A 2023/24-es szezon csapata:</p>



<figure class="wp-block-table">
<table>
<tbody>
<tr>
<td><img loading="lazy" decoding="async" class="aligncenter size-thumbnail wp-image-1187" src="https://fcvbz.ch/fc/wp-content/uploads/2024/01/AliuBedri_345658-150x150.jpg" alt="" width="150" height="150" />Bedri Aliu</td>
<td><img loading="lazy" decoding="async" class="aligncenter size-thumbnail wp-image-1188" src="https://fcvbz.ch/fc/wp-content/uploads/2024/01/BergmannPeter_915977-150x150.jpg" alt="" width="150" height="150" />Peter Bergmann</td>
<td><img loading="lazy" decoding="async" class="aligncenter size-thumbnail wp-image-1189" src="https://fcvbz.ch/fc/wp-content/uploads/2024/01/CsepkoAttila_1289096-150x150.jpg" alt="" width="150" height="150" />🇭🇺 Csepkó Attila</td>
<td><img loading="lazy" decoding="async" class="aligncenter size-thumbnail wp-image-1190" src="https://fcvbz.ch/fc/wp-content/uploads/2024/01/GavranMarin_1145460-150x150.jpg" alt="" width="150" height="150" />Marin Gavran</td>
<td><img loading="lazy" decoding="async" class="aligncenter size-thumbnail wp-image-1191" src="https://fcvbz.ch/fc/wp-content/uploads/2024/01/HodzaErnez_1390198-150x150.jpg" alt="" width="150" height="150" />Ernez Hodza</td>
</tr>
<tr>
<td><img loading="lazy" decoding="async" class="aligncenter size-thumbnail wp-image-1192" src="https://fcvbz.ch/fc/wp-content/uploads/2024/01/JaberTobias_1035200-150x150.jpg" alt="" width="150" height="150" />Tobias Jaber</td>
<td><img loading="lazy" decoding="async" class="aligncenter size-thumbnail wp-image-1193" src="https://fcvbz.ch/fc/wp-content/uploads/2024/01/LooserEugen_245894-150x150.jpg" alt="" width="150" height="150" />Eugen Looser</td>
<td><img loading="lazy" decoding="async" class="aligncenter size-thumbnail wp-image-1194" src="https://fcvbz.ch/fc/wp-content/uploads/2024/01/MalokuLabinot_1188658-150x150.jpg" alt="" width="150" height="150" />Labinot Maloku</td>
<td><img loading="lazy" decoding="async" class="aligncenter size-thumbnail wp-image-1195" src="https://fcvbz.ch/fc/wp-content/uploads/2024/01/MarkertLaszlo-Andras_1196391-150x150.jpg" alt="" width="150" height="150" />🇭🇺 Markert László</td>
<td><img loading="lazy" decoding="async" class="aligncenter size-thumbnail wp-image-1196" src="https://fcvbz.ch/fc/wp-content/uploads/2024/01/Mendes-SchneiderAugusto_1399815-150x150.jpg" alt="" width="150" height="150" />Augusto Mendes</td>
</tr>
<tr>
<td><img loading="lazy" decoding="async" class="aligncenter size-thumbnail wp-image-1197" src="https://fcvbz.ch/fc/wp-content/uploads/2024/01/MeyyappanKiran_5187-150x150.jpg" alt="" width="150" height="150" />Kiran Meyyappan</td>
<td><img loading="lazy" decoding="async" class="aligncenter size-thumbnail wp-image-1198" src="https://fcvbz.ch/fc/wp-content/uploads/2024/01/NagyivanJanos_1292945-150x150.jpg" alt="" width="150" height="150" />🇭🇺 Nagyiván János</td>
<td><img loading="lazy" decoding="async" class="aligncenter size-thumbnail wp-image-1199" src="https://fcvbz.ch/fc/wp-content/uploads/2024/01/PetroloGiuseppe_504184-150x150.jpg" alt="" width="150" height="150" />Guiseppe Petrolo</td>
<td><img loading="lazy" decoding="async" class="aligncenter size-thumbnail wp-image-1201" src="https://fcvbz.ch/fc/wp-content/uploads/2024/01/PetrovicGoran_549680-150x150.jpg" alt="" width="150" height="150" />Goran Petrovic</td>
<td><img loading="lazy" decoding="async" class="aligncenter size-thumbnail wp-image-1200" src="https://fcvbz.ch/fc/wp-content/uploads/2024/01/RoosMichael_668324-150x150.jpg" alt="" width="150" height="150" />Michael Roos</td>
</tr>
<tr>
<td><img loading="lazy" decoding="async" class="aligncenter size-thumbnail wp-image-1202" src="https://fcvbz.ch/fc/wp-content/uploads/2024/01/SallenbachMarco_482857-150x150.jpg" alt="" width="150" height="150" />Marco Sallenbach</td>
<td><img loading="lazy" decoding="async" class="aligncenter size-thumbnail wp-image-1203" src="https://fcvbz.ch/fc/wp-content/uploads/2024/01/SojebeOlayemi_1275534-150x150.jpg" alt="" width="150" height="150" />Olayemi Sojebe</td>
<td><img loading="lazy" decoding="async" class="aligncenter size-thumbnail wp-image-1204" src="https://fcvbz.ch/fc/wp-content/uploads/2024/01/StojanovicNenad_367502-150x150.jpg" alt="" width="150" height="150" />Nenad Stojanovic</td>
<td><img loading="lazy" decoding="async" class="aligncenter size-thumbnail wp-image-1205" src="https://fcvbz.ch/fc/wp-content/uploads/2024/01/TothAdam_1239933-150x150.jpg" alt="" width="150" height="150" />🇭🇺 Tóth Ádám</td>
<td><img loading="lazy" decoding="async" class="aligncenter size-thumbnail wp-image-1206" src="https://fcvbz.ch/fc/wp-content/uploads/2024/01/WissmannRudolf_1112260-150x150.jpg" alt="" width="150" height="150" />Rudolf Wissmann</td>
</tr>
<tr>
<td><img loading="lazy" decoding="async" class="aligncenter size-thumbnail wp-image-1207" src="https://fcvbz.ch/fc/wp-content/uploads/2024/01/ZekjiriErdjan_830365-150x150.jpg" alt="" width="150" height="150" />Erdjan Zekjiri</td>
<td><img loading="lazy" decoding="async" class="aligncenter size-thumbnail wp-image-1208" src="https://fcvbz.ch/fc/wp-content/uploads/2024/01/ZenklTomas_1324429-150x150.jpg" alt="" width="150" height="150" />Tomas Zenkl</td>
<td><img loading="lazy" decoding="async" class="aligncenter size-thumbnail wp-image-1209" src="https://fcvbz.ch/fc/wp-content/uploads/2024/01/ZumeriXhelal_741547-150x150.jpg" alt="" width="150" height="150" />Xhelal Zumeri</td>
<td> </td>
<td> </td>
</tr>
</tbody>
</table>
</figure>

<p>A 2023/24-es szezon csapata: Bedri Aliu Peter Bergmann 🇭🇺 Csepkó Attila Marin Gavran Ernez Hodza Tobias Jaber Eugen Looser Labinot Maloku 🇭🇺 Markert László Augusto Mendes Kiran Meyyappan 🇭🇺 Nagyiván János Guiseppe Petrolo Goran Petrovic Michael Roos Marco Sallenbach Olayemi Sojebe Nenad Stojanovic 🇭🇺 Tóth Ádám Rudolf Wissmann Erdjan Zekjiri Tomas Zenkl Xhelal Zumeri   [&hellip;]</p>
